mainder when x is divided by i.
13
Suppose 14*s - 19*s = -5*m - 1205, -4*s = -5*m - 962. Calculate the remainder when s is divided by 28.
19
Let s be 2 + -5 - (6/(-2))/(-1). Let d(l) = -l**2 - 11*l - 15. Calculate the remainder when 119 is divided by d(s).
14
Let p(g) be the second derivative of g**4/4 + 3*g**3/2 + 13*g**2/2 + 4*g. Calculate the remainder when p(-4) is divided by 9.
7
Let a(k) = k**3 + 7*k**2 + k - 1. Let q be a(-5). Suppose 7*w + q = 9*w. Calculate the remainder when w is divided by 8.
6
Suppose 2*r - 107 = -4*t + 207, 253 = 3*t + 5*r. Suppose 5*h - 3*z - t = 0, -z + 5*z = -8. Calculate the remainder when 40 is divided by h.
12
Let w = -6 + 4. Calculate the remainder when (-83)/(-1) + -12 + 14 is divided by (-16 + 5)/(w/4).
19
What is the remainder when 53 + 3 - 1 - (-92)/23 is divided by 23?
13
Let p(l) = 2*l**3 - 5*l + 1. Let d be 3 + -2 + 2/((-2)/(-2)). What is the remainder when 72 is divided by p(d)?
32
Let s = -73 - -98. Suppose -3*j - s = -4*v - 0*j, 2*j = -5*v + 60. Calculate the remainder when 27 is divided by v.
7
Suppose 3*s - a = -0*s - 6, -4*a - 2 = s. What is the remainder when s - (-59 + -1) - 1 is divided by 132/110*100/6?
17
Let n = -23 + 27. Suppose n*w - 2*j - 5 - 27 = 0, -24 = -2*w + 5*j. What is the remainder when 33 is divided by w?
5
Suppose -5*n = -32 + 7. Suppose g = n*s + 15, s + 13 = -g - s. Let h = 4 - g. Calculate the remainder when 24 is divided by h.
6
Let u = 195 - 108. Calculate the remainder when 182 is divided by u.
8
Let x = 983 + -964. What is the remainder when 48 is divided by x?
10
Let c = 390 - 150. Suppose 5*v - 4*n + 0*n = c, -v - 2*n = -62. What is the remainder when v is divided by 9?
7
Suppose -6*z + 7*z = 113. Calculate the remainder when z is divided by (69/9)/(1/3).
21
Let w(h) = -h + 14. Let r be w(0). Suppose 3*i - 15 = 0, 3*t - 6*t + 4*i - r = 0. Calculate the remainder when 20 is divided by (24/2 - t) + -3.
6
Suppose 0 = -5*g + z + 5, 2*g + 3*z = 3*g + 13. Let a be (-3 - -18)*(g - -1). Suppose -q + a = 4*q. What is the remainder when 35 is divided by q?
8
Suppose 4*a = z + 149, 0 = -4*a - 2*z + 7 + 151. Calculate the remainder when 302 is divided by a.
36
Let z = -69 + 69. Suppose -3*f + 6 = z, 80 = 4*i + 2*f + 2*f. Calculate the remainder when i is divided by 5.
3
Suppose 0 = -2*a - 6*c + c - 21, a - 5*c + 18 = 0. Let u = -10 - a. Let s = 13 - 5. Calculate the remainder when s is divided by u.
2
Let a be 6/3 + -3 - -34. Suppose -4*v - 2*d = -24, 5*v = -4*d + 3*d + a. Let q(p) = p - 1. Calculate the remainder when q(13) is divided by v.
5
Let h(i) = i**3 + 8*i**2 + i - 12. Let x be h(-7). Suppose -8 = -2*b + x. Suppose 3 = t - 2. What is the remainder when b is divided by t?
4
Let c be (0/(-7))/(-1 + 2). Suppose c = 7*t - 10*t. Suppose m - 5*m + 52 = t. What is the remainder when m is divided by 5?
3
Suppose -3*o + 53 = -2*y, 4*o - 8*o = -4*y - 76. Suppose -o = -2*s + 27. What is the remainder when 62 is divided by s?
20
Suppose 0 = 18*i - 54*i + 3240. Calculate the remainder when 266 is divided by i.
86
Suppose 0 = 5*z + 2*a - 111, 2*z - 3*a - 45 = -4*a. Calculate the remainder when 7/14*(123 - 2/(-2)) is divided by z.
20
Suppose -5*y = 2*r - 8, 2*y - 12 = -2*r - r. Suppose r*p + 3*w + 2*w - 48 = 0, 4*p - 2*w - 20 = 0. What is the remainder when 25 is divided by p?
4
Suppose -5*i - j = 3*j - 4, -4*i - 5*j = -5. Suppose -b + 18 = -4*k, -b + 5*k + 19 = -i*b. What is the remainder when 26 is divided by b?
12
Let l be -2 - -33*(-5)/15. Let k = -10 - l. What is the remainder when 218*(k + 15/(-6)) is divided by 28?
25
Let t(l) = 3*l**2 - l - 154. What is the remainder when t(8) is divided by (-36)/10*(-10)/3?
6
Let x = 33 - 21. Suppose -h + 2*d + 61 = 3, 0 = 4*h + 2*d - 232. Suppose -6*c + 3*c + h = 2*n, -42 = -2*n + c. What is the remainder when n is divided by x?
11
Let t(q) = 3*q**2 + 5*q - 52. What is the remainder when 335 is divided by t(-6)?
23
Let r = 18 + -16. Suppose -3*m = r*m - 100. Let a = 39 + 18. What is the remainder when a is divided by m?
17
Let w = -3 - -32. Let m = -25 + w. What is the remainder when 28 is divided by 2/(8/44) + m?
13
Let q be (28/(-6))/((-15)/90). Let n = -6 + q. Let h(i) = 2*i - 2. Calculate the remainder when n is divided by h(7).
10
Let g(c) = -13*c - 31. Calculate the remainder when 28 is divided by g(-3).
4
Calculate the remainder when (4/(-16))/(2/(-4))*452 is divided by 76.
74
Let q(h) be the second derivative of 2*h - 2*h**2 + 5/6*h**3 + 1/12*h**4 + 0. What is the remainder when 48 is divided by q(-7)?
8
Let h = -39 + 64. Let z = 1991 - 1919. Calculate the remainder when z is divided by h.
22
Let o(g) = 3*g + 5. Suppose -4*w - 3 = p, 0*p = 3*p - 2*w - 5. Calculate the remainder when o(p) is divided by 4.
0
Let b = 9 - 2. Suppose b*f - 13 = 1. Let a = f + 3. What is the remainder when a is divided by 2?
1
Let k(d) = d**3 + 6*d**2 - 7*d + 2. Let b be -1 - (-6 - (-2 + 0)). Suppose -4*a + 28 = b*i, 27 - 6 = i - a. What is the remainder when k(-5) is divided by i?
14
Let b = 84 + -63. Let k = 18 + b. What is the remainder when k is divided by 14?
11
Let w(u) = 2*u**3 + 44*u**2 + 199*u - 6. Suppose -y = 3*y - 3*s - 59, 31 = 2*y - 3*s. What is the remainder when w(-8) is divided by y?
12
What is the remainder when ((-4)/6)/((-92)/16422) is divided by 44?
31
Suppose 0 = -b - 0*b + 41. Suppose -2*w + b = 13. Calculate the remainder when w is divided by 4.
2
Let x = 6 + -2. Suppose -34 = -2*w - x*i, -w + 2*i = -i - 12. Calculate the remainder when 56 is divided by w.
11
Suppose -5*g + 85 = -35. Suppose 2*x = g + 126. What is the remainder when x is divided by 38?
37
Suppose 44*w - 1057 = 1495. Calculate the remainder when 113 is divided by w.
55
Suppose 3 = -4*b - 1, -4*f = 4*b - 368. What is the remainder when f is divided by 24?
21
Let m(j) be the first derivative of -j**4/4 + j**3/3 + j**2 + 3*j + 7. Calculate the remainder when 130 is divided by m(-3).
31
Let d(z) = z**2 - 13*z + 10. Let s be d(13). Let n = 32 - s. Calculate the remainder when 84 is divided by n.
18
Let t(k) = 17*k**3 + 2*k - 1. Suppose -2*j + 10 = -0*j, 0 = 4*l - 5*j + 21. What is the remainder when 32 is divided by t(l)?
14
Let b = 148 - 105. Let t(w) = 11*w**2 + w - 4. What is the remainder when t(-4) is divided by b?
39
Suppose 10*f = 8*f + 142. Calculate the remainder when f is divided by ((-3)/(-4) - 3)/((-1)/8).
17
Suppose 4*i - 2 = 5*x, x = 5*i + 6 - 19. Suppose -2*w - 33 = -i*w. Calculate the remainder when 117 + -7 + (-2 - -22) is divided by w.
31
Suppose -2*w + 457 + 6001 = 4*q, 4*w - 1604 = -q. Calculate the remainder when q is divided by 49.
48
What is the remainder when 66 is divided by 6/14 + 3096/126?
16
Calculate the remainder when (-8 + -8 - -14)/((-1)/22 + 0) is divided by (48/15)/((-2)/(-10)).
12
Let x = 194 + -129. What is the remainder when x is divided by 16?
1
Suppose 4*r - 40 = -2*h, 0 = 3*r - 7*r - 16. Calculate the remainder when 55 is divided by h.
27
Suppose -j = -4*j + 9. Let m = j + 16. Suppose x + 14 = 5*a - 1, 0 = -a - 3*x + m. Calculate the remainder when 6 is divided by a.
2
Let d = 1425 + -1381. What is the remainder when 47 is divided by d?
3
Let m(k) be the second derivative of -k**4/3 - k**3/6 + 5*k**2/2 + 7*k. Let c be m(-5). What is the remainder when 30 is divided by c/(-11) - 8/44?
6
Suppose 0 = -38*k + 36*k + 48. Calculate the remainder when 89 is divided by k.
17
Suppose 0 = 5*g + 4*p - 354, 2*g - 13*p + 12*p = 139. Calculate the remainder when 115 is divided by g.
45
Let n(g) = -g**3 - 8*g**2 + 28*g + 239. Let f be n(-9). Suppose 7 = 4*t - 1. Suppose -2*i + f = t*i. What is the remainder when i is divided by 10?
7
Suppose 345 + 31 = 2*p. What is the remainder when p is divided by 21?
20
Let d(x) = -x**3 - 3*x**2 + 17*x - 20. Calculate the remainder when d(-8) is divided by 11.
10
Let j(u) = -u**2 + 15*u - 34. What is the remainder when 51 is divided by j(7)?
7
Let l = 4 - 2. Let x be ((-36)/(-24))/(1/l). Suppose 5*s - 3 = x*p - 38, 34 = 3*p - 4*s. Calculate the remainder when 39 is divided by p.
9
Suppose -94 = -5*h - 2*u, 4*h - 3*u = -3 + 69. Suppose 2*a + 8 = h. What is the remainder when 44 is divided by a?
4
Let c = 1646 - 1630. Calculate the remainder when 1254/21 + 4/14 is divided by c.
12
Suppose -c + 48 = 5*r, -8*r